{"id":16,"date":"2014-11-20T23:01:45","date_gmt":"2014-11-20T22:01:45","guid":{"rendered":"http:\/\/nataliaskrzypek.pl\/?page_id=16"},"modified":"2023-08-09T20:13:38","modified_gmt":"2023-08-09T18:13:38","slug":"materialy-video","status":"publish","type":"page","link":"https:\/\/nataliaskrzypek.pl\/index.php\/materialy-video\/","title":{"rendered":"Materia\u0142y wideo"},"content":{"rendered":"<p><iframe loading=\"lazy\" title=\"Natalia Skrzypek w ch\u00f3rze na Festiwalu w Opolu 2023 (Czerwone Gitary &quot;Anna Maria&quot;)\" width=\"625\" height=\"352\" src=\"https:\/\/www.youtube.com\/embed\/VeIr9tSiBQA?feature=oembed\" frameborder=\"0\" allow=\"accelerometer; autoplay; clipboard-write; encrypted-media; gyroscope; picture-in-picture; web-share\" allowfullscreen><\/iframe><\/p>\n<p><iframe loading=\"lazy\" title=\"Og\u00f3lnopolski Turniej Ta\u0144ca Explosion Cup 2023 - 1 miejsce oraz Grand  Prix: Tarcho Team Kids\" width=\"625\" height=\"352\" src=\"https:\/\/www.youtube.com\/embed\/l00s5TxpMQw?feature=oembed\" frameborder=\"0\" allow=\"accelerometer; autoplay; clipboard-write; encrypted-media; gyroscope; picture-in-picture; web-share\" allowfullscreen><\/iframe><\/p>\n<p><iframe loading=\"lazy\" title=\"Justyna Biedrawa - Zamieni\u0119 si\u0119 cia\u0142em\" width=\"625\" height=\"352\" src=\"https:\/\/www.youtube.com\/embed\/o2ZTCe96LEI?feature=oembed\" frameborder=\"0\" allow=\"accelerometer; autoplay; clipboard-write; encrypted-media; gyroscope; picture-in-picture; web-share\" allowfullscreen><\/iframe><\/p>\n<p><iframe loading=\"lazy\" title=\"SER KR\u00d3LEWSKI 30sek\" width=\"625\" height=\"352\" src=\"https:\/\/www.youtube.com\/embed\/mSDxchSQQxc?feature=oembed\" frameborder=\"0\" allow=\"accelerometer; autoplay; clipboard-write; encrypted-media; gyroscope; picture-in-picture; web-share\" allowfullscreen><\/iframe><\/p>\n<p><iframe loading=\"lazy\" title=\"SER KR\u00d3LEWSKI 2min napisy PL\" width=\"625\" height=\"352\" src=\"https:\/\/www.youtube.com\/embed\/ReDAgKmD2bw?feature=oembed\" frameborder=\"0\" allow=\"accelerometer; autoplay; clipboard-write; encrypted-media; gyroscope; picture-in-picture; web-share\" allowfullscreen><\/iframe><\/p>\n<p><iframe loading=\"lazy\" title=\"Nagradzaj si\u0119 jak chcesz z MojeM\" width=\"625\" height=\"352\" src=\"https:\/\/www.youtube.com\/embed\/QO4NsfeVZFY?feature=oembed\" frameborder=\"0\" allow=\"accelerometer; autoplay; clipboard-write; encrypted-media; gyroscope; picture-in-picture; web-share\" allowfullscreen><\/iframe><\/p>\n<p><iframe loading=\"lazy\" title=\"Tutaj jeste\u015b numerem 1\" width=\"625\" height=\"352\" src=\"https:\/\/www.youtube.com\/embed\/ziuvU2L0St0?feature=oembed\" frameborder=\"0\" allow=\"accelerometer; autoplay; clipboard-write; encrypted-media; gyroscope; picture-in-picture; web-share\" allowfullscreen><\/iframe><\/p>\n<p><iframe loading=\"lazy\" title=\"W Orange Flex nie dziwi nas, \u017ce mo\u017cna mie\u0107 wszystkich w zasi\u0119gu\u2026\" width=\"625\" height=\"352\" src=\"https:\/\/www.youtube.com\/embed\/WMXUo1MgQTg?feature=oembed\" frameborder=\"0\" allow=\"accelerometer; autoplay; clipboard-write; encrypted-media; gyroscope; picture-in-picture; web-share\" allowfullscreen><\/iframe><\/p>\n<p><iframe loading=\"lazy\" title=\"Carrefour -  Manifest\" width=\"625\" height=\"352\" src=\"https:\/\/www.youtube.com\/embed\/WkDpheS8Yt8?feature=oembed\" frameborder=\"0\" allow=\"accelerometer; autoplay; clipboard-write; encrypted-media; gyroscope; picture-in-picture; web-share\" allowfullscreen><\/iframe><\/p>\n<p><iframe loading=\"lazy\" title=\"Sol\u00f3wka Natalii Skrzypek na Egurrola Challenge 2020\" width=\"625\" height=\"352\" src=\"https:\/\/www.youtube.com\/embed\/3JpMxIKpR6g?feature=oembed\" frameborder=\"0\" allow=\"accelerometer; autoplay; clipboard-write; encrypted-media; gyroscope; picture-in-picture; web-share\" allowfullscreen><\/iframe><\/p>\n<p><iframe loading=\"lazy\" title=\"&quot;\u015awi\u0105teczne SOS&quot; - making off\" width=\"625\" height=\"352\" src=\"https:\/\/www.youtube.com\/embed\/H5X9VIj15Q0?feature=oembed\" frameborder=\"0\" allow=\"accelerometer; autoplay; clipboard-write; encrypted-media; gyroscope; picture-in-picture; web-share\" allowfullscreen><\/iframe><\/p>\n<p><iframe loading=\"lazy\" title=\"\u015awi\u0105teczne SOS: Jak sk\u0142ada\u0107 \u017cyczenia \u015bwi\u0105teczne? prezentuje Andrzej Seweryn\" width=\"625\" height=\"352\" src=\"https:\/\/www.youtube.com\/embed\/xA8OwyJvuAs?feature=oembed\" frameborder=\"0\" allow=\"accelerometer; autoplay; clipboard-write; encrypted-media; gyroscope; picture-in-picture; web-share\" allowfullscreen><\/iframe><\/p>\n<p><iframe loading=\"lazy\" title=\"\u015awi\u0119ta to czas (u)dawania. Zr\u00f3bmy z nich czas dawania.\" width=\"625\" height=\"352\" src=\"https:\/\/www.youtube.com\/embed\/vXcT1hNHBGU?feature=oembed\" frameborder=\"0\" allow=\"accelerometer; autoplay; clipboard-write; encrypted-media; gyroscope; picture-in-picture; web-share\" allowfullscreen><\/iframe><\/p>\n<p><iframe loading=\"lazy\" title=\"Boss your cold with Beechams - contains 3x more ingredients than paracetamol alone\" width=\"625\" height=\"352\" src=\"https:\/\/www.youtube.com\/embed\/QxTnKAPREU0?feature=oembed\" frameborder=\"0\" allow=\"accelerometer; autoplay; clipboard-write; encrypted-media; gyroscope; picture-in-picture; web-share\" allowfullscreen><\/iframe><\/p>\n<p><iframe loading=\"lazy\" title=\"Sanitas\" width=\"625\" height=\"352\" src=\"https:\/\/www.youtube.com\/embed\/Fv8Z7YCOnUE?feature=oembed\" frameborder=\"0\" allow=\"accelerometer; autoplay; clipboard-write; encrypted-media; gyroscope; picture-in-picture; web-share\" allowfullscreen><\/iframe><\/p>\n<p><iframe loading=\"lazy\" title=\"To nonsens, \u017ce rozrywka wysiada! A w T-Mobile masz superszybki \u015bwiat\u0142ow\u00f3d i rozrywk\u0119 od Netflixa.\" width=\"625\" height=\"352\" src=\"https:\/\/www.youtube.com\/embed\/c2nTNGSinUQ?feature=oembed\" frameborder=\"0\" allow=\"accelerometer; autoplay; clipboard-write; encrypted-media; gyroscope; picture-in-picture; web-share\" allowfullscreen><\/iframe><\/p>\n<p><iframe loading=\"lazy\" title=\"PKO Konto za Zero - dobrze Ci si\u0119 wydaje | Reklama | PKO Bank Polski\" width=\"625\" height=\"352\" src=\"https:\/\/www.youtube.com\/embed\/zBh1mk1bCnQ?feature=oembed\" frameborder=\"0\" allow=\"accelerometer; autoplay; clipboard-write; encrypted-media; gyroscope; picture-in-picture; web-share\" allowfullscreen><\/iframe><\/p>\n<p><iframe loading=\"lazy\" title=\"Natalia Skrzypek w reklamie d\u017cem\u00f3w \u0141owicz - making of\" width=\"625\" height=\"352\" src=\"https:\/\/www.youtube.com\/embed\/Ci2v_RUQuqQ?feature=oembed\" frameborder=\"0\" allow=\"accelerometer; autoplay; clipboard-write; encrypted-media; gyroscope; picture-in-picture; web-share\" allowfullscreen><\/iframe><\/p>\n<p><iframe loading=\"lazy\" title=\"Nowy Extra G\u0142adki d\u017cem 100% z owoc\u00f3w od \u0141owicza\" width=\"625\" height=\"352\" src=\"https:\/\/www.youtube.com\/embed\/o7ARK6kmo1E?feature=oembed\" frameborder=\"0\" allow=\"accelerometer; autoplay; clipboard-write; encrypted-media; gyroscope; picture-in-picture; web-share\" allowfullscreen><\/iframe><\/p>\n<p><iframe loading=\"lazy\" title=\"mBank i WO\u015aP: 27. Fina\u0142 \u2013 Gramy razem!\" width=\"625\" height=\"352\" src=\"https:\/\/www.youtube.com\/embed\/mCWLiIcl5XY?feature=oembed\" frameborder=\"0\" allow=\"accelerometer; autoplay; clipboard-write; encrypted-media; gyroscope; picture-in-picture; web-share\" allowfullscreen><\/iframe><\/p>\n<p><iframe loading=\"lazy\" title=\"Niezwyk\u0142a witryna \u015bwi\u0105teczna SOS Wiosek Dzieci\u0119cych\" width=\"625\" height=\"352\" src=\"https:\/\/www.youtube.com\/embed\/0jxfMgWzUPo?feature=oembed\" frameborder=\"0\" allow=\"accelerometer; autoplay; clipboard-write; encrypted-media; gyroscope; picture-in-picture; web-share\" allowfullscreen><\/iframe><\/p>\n<p><iframe loading=\"lazy\" title=\"Rozja\u015bnij dzieciom \u015bwi\u0119ta\" width=\"625\" height=\"352\" src=\"https:\/\/www.youtube.com\/embed\/VDFa80whK4g?feature=oembed\" frameborder=\"0\" allow=\"accelerometer; autoplay; clipboard-write; encrypted-media; gyroscope; picture-in-picture; web-share\" allowfullscreen><\/iframe><\/p>\n<p><iframe loading=\"lazy\" title=\"Natalia Skrzypek w filmie &quot;Kurier&quot; - making of\" width=\"625\" height=\"352\" src=\"https:\/\/www.youtube.com\/embed\/XNvf444oa4Q?feature=oembed\" frameborder=\"0\" allow=\"accelerometer; autoplay; clipboard-write; encrypted-media; gyroscope; picture-in-picture; web-share\" allowfullscreen><\/iframe><\/p>\n<p><iframe loading=\"lazy\" title=\"Lubella Mleko\u0142aki. Najlepsze ze zbo\u017ca.\" width=\"625\" height=\"352\" src=\"https:\/\/www.youtube.com\/embed\/Dc5uCUnsM9M?feature=oembed\" frameborder=\"0\" allow=\"accelerometer; autoplay; clipboard-write; encrypted-media; gyroscope; picture-in-picture; web-share\" allowfullscreen><\/iframe><\/p>\n<p><iframe loading=\"lazy\" title=\"Natalia Skrzypek w kampanii letniej Mohito - making of\" width=\"625\" height=\"352\" src=\"https:\/\/www.youtube.com\/embed\/wXxm2JcO-vU?feature=oembed\" frameborder=\"0\" allow=\"accelerometer; autoplay; clipboard-write; encrypted-media; gyroscope; picture-in-picture; web-share\" allowfullscreen><\/iframe><\/p>\n<p><iframe loading=\"lazy\" title=\"Little Princess Summer Collection 2018\" width=\"625\" height=\"352\" src=\"https:\/\/www.youtube.com\/embed\/LcVcOvXBUBk?feature=oembed\" frameborder=\"0\" allow=\"accelerometer; autoplay; clipboard-write; encrypted-media; gyroscope; picture-in-picture; web-share\" allowfullscreen><\/iframe><\/p>\n<p><iframe loading=\"lazy\" title=\"Little Princess Summer Collection\" width=\"625\" height=\"352\" src=\"https:\/\/www.youtube.com\/embed\/9CWd2A0XnCc?feature=oembed\" frameborder=\"0\" allow=\"accelerometer; autoplay; clipboard-write; encrypted-media; gyroscope; picture-in-picture; web-share\" allowfullscreen><\/iframe><\/p>\n<p><iframe loading=\"lazy\" title=\"Majonez Winiary\" width=\"625\" height=\"352\" src=\"https:\/\/www.youtube.com\/embed\/oXccP_oVzpE?feature=oembed\" frameborder=\"0\" allow=\"accelerometer; autoplay; clipboard-write; encrypted-media; gyroscope; picture-in-picture; web-share\" allowfullscreen><\/iframe><\/p>\n<p><iframe loading=\"lazy\" title=\"Natalia Skrzypek na XXXI Mistrzostwach Egorrola Dance Studio\" width=\"625\" height=\"352\" src=\"https:\/\/www.youtube.com\/embed\/oYknL7GSNUM?feature=oembed\" frameborder=\"0\" allow=\"accelerometer; autoplay; clipboard-write; encrypted-media; gyroscope; picture-in-picture; web-share\" allowfullscreen><\/iframe><\/p>\n<p><iframe loading=\"lazy\" title=\"Strachy Rysia\" width=\"625\" height=\"352\" src=\"https:\/\/www.youtube.com\/embed\/UXRuihPGToY?feature=oembed\" frameborder=\"0\" allow=\"accelerometer; autoplay; clipboard-write; encrypted-media; gyroscope; picture-in-picture; web-share\" allowfullscreen><\/iframe><\/p>\n<p><iframe loading=\"lazy\" title=\"Strachy Rysia\" width=\"625\" height=\"352\" src=\"https:\/\/www.youtube.com\/embed\/8Y8y8bClaBY?feature=oembed\" frameborder=\"0\" allow=\"accelerometer; autoplay; clipboard-write; encrypted-media; gyroscope; picture-in-picture; web-share\" allowfullscreen><\/iframe><\/p>\n<p><iframe loading=\"lazy\" title=\"Sol\u00f3wka Natalii Skrzypek w przedstawieniu &quot;Pampilio&quot;\" width=\"625\" height=\"352\" src=\"https:\/\/www.youtube.com\/embed\/i5UI06l_br0?feature=oembed\" frameborder=\"0\" allow=\"accelerometer; autoplay; clipboard-write; encrypted-media; gyroscope; picture-in-picture; web-share\" allowfullscreen><\/iframe><\/p>\n<p><iframe loading=\"lazy\" title=\"Natalia Skrzypek w reklamie Pepco - making of\" width=\"625\" height=\"352\" src=\"https:\/\/www.youtube.com\/embed\/q_InciFD7Ys?feature=oembed\" frameborder=\"0\" allow=\"accelerometer; autoplay; clipboard-write; encrypted-media; gyroscope; picture-in-picture; web-share\" allowfullscreen><\/iframe><\/p>\n<p><iframe loading=\"lazy\" title=\"PEPCO PLA\u017bA\" width=\"625\" height=\"352\" src=\"https:\/\/www.youtube.com\/embed\/RvSYGTCnOds?feature=oembed\" frameborder=\"0\" allow=\"accelerometer; autoplay; clipboard-write; encrypted-media; gyroscope; picture-in-picture; web-share\" allowfullscreen><\/iframe><\/p>\n<p><iframe loading=\"lazy\" title=\"Natalia Skrzypek na premierze filmu &quot;Gwiazdy&quot;\" width=\"625\" height=\"352\" src=\"https:\/\/www.youtube.com\/embed\/8_EB-C7rthI?feature=oembed\" frameborder=\"0\" allow=\"accelerometer; autoplay; clipboard-write; encrypted-media; gyroscope; picture-in-picture; web-share\" allowfullscreen><\/iframe><\/p>\n<p><iframe loading=\"lazy\" title=\"Pierwsze \u015bwi\u0119ta\" width=\"625\" height=\"352\" src=\"https:\/\/www.youtube.com\/embed\/N0MtuPvd9qM?feature=oembed\" frameborder=\"0\" allow=\"accelerometer; autoplay; clipboard-write; encrypted-media; gyroscope; picture-in-picture; web-share\" allowfullscreen><\/iframe><\/p>\n<p><iframe loading=\"lazy\" title=\"Pierwsze \u015bwi\u0119ta\" width=\"625\" height=\"352\" src=\"https:\/\/www.youtube.com\/embed\/i_Bj3SVl8bs?start=13&#038;feature=oembed\" frameborder=\"0\" allow=\"accelerometer; autoplay; clipboard-write; encrypted-media; gyroscope; picture-in-picture; web-share\" allowfullscreen><\/iframe><\/p>\n<p><iframe loading=\"lazy\" title=\"Natalia Skrzypek w serialu &quot;Stra\u017cacy&quot;\" width=\"625\" height=\"352\" src=\"https:\/\/www.youtube.com\/embed\/NiolqRJN3wY?feature=oembed\" frameborder=\"0\" allow=\"accelerometer; autoplay; clipboard-write; encrypted-media; gyroscope; picture-in-picture; web-share\" allowfullscreen><\/iframe><\/p>\n<p><iframe loading=\"lazy\" title=\"Natalia Skrzypek w serialu &quot;Komisarz Alex&quot;\" width=\"625\" height=\"352\" src=\"https:\/\/www.youtube.com\/embed\/3CBMbNQkrc8?feature=oembed\" frameborder=\"0\" allow=\"accelerometer; autoplay; clipboard-write; encrypted-media; gyroscope; picture-in-picture; web-share\" allowfullscreen><\/iframe><\/p>\n<p><iframe loading=\"lazy\" title=\"Pr\u00f3ba w Ma\u0142ej Film\u00f3wce\" width=\"625\" height=\"352\" src=\"https:\/\/www.youtube.com\/embed\/nGow29dTrSA?feature=oembed\" frameborder=\"0\" allow=\"accelerometer; autoplay; clipboard-write; encrypted-media; gyroscope; picture-in-picture; web-share\" allowfullscreen><\/iframe><\/p>\n<p><iframe loading=\"lazy\" title=\"Natalia Skrzypek w sesji foto\" width=\"625\" height=\"352\" src=\"https:\/\/www.youtube.com\/embed\/jYY7UijJ1_Q?feature=oembed\" frameborder=\"0\" allow=\"accelerometer; autoplay; clipboard-write; encrypted-media; gyroscope; picture-in-picture; web-share\" allowfullscreen><\/iframe><\/p>\n<p><iframe loading=\"lazy\" title=\"Wigilia Ma\u0142ej Film\u00f3wki\" width=\"625\" height=\"352\" src=\"https:\/\/www.youtube.com\/embed\/ZtpR_KEwogY?feature=oembed\" frameborder=\"0\" allow=\"accelerometer; autoplay; clipboard-write; encrypted-media; gyroscope; picture-in-picture; web-share\" allowfullscreen><\/iframe><\/p>\n<p><iframe loading=\"lazy\" width=\"625\" height=\"352\" src=\"https:\/\/www.youtube.com\/embed\/tStdL-urs5E?feature=oembed\" frameborder=\"0\" allow=\"accelerometer; autoplay; clipboard-write; encrypted-media; gyroscope; picture-in-picture\" allowfullscreen><\/iframe><\/p>\n<p><iframe loading=\"lazy\" title=\"Rossmann - Making Of\" src=\"https:\/\/player.vimeo.com\/video\/145887552?dnt=1&amp;app_id=122963\" width=\"625\" height=\"352\" frameborder=\"0\" allow=\"autoplay; fullscreen; picture-in-picture\"><\/iframe><\/p>\n<p><iframe loading=\"lazy\" title=\"Mleko Pi\u0105tnica 2015\" width=\"625\" height=\"352\" src=\"https:\/\/www.youtube.com\/embed\/NO001DxCAcE?feature=oembed\" frameborder=\"0\" allow=\"accelerometer; autoplay; clipboard-write; encrypted-media; gyroscope; picture-in-picture; web-share\" allowfullscreen><\/iframe><\/p>\n<p><iframe loading=\"lazy\" title=\"Natalia Skrzypek w filmie Gwiazdy\" width=\"625\" height=\"352\" src=\"https:\/\/www.youtube.com\/embed\/zOlqqC0Ba-k?feature=oembed\" frameborder=\"0\" allow=\"accelerometer; autoplay; clipboard-write; encrypted-media; gyroscope; picture-in-picture; web-share\" allowfullscreen><\/iframe><\/p>\n<p>&nbsp;<\/p>\n<p>&nbsp;<\/p>\n<p>&nbsp;<\/p>\n<p>&nbsp;<\/p>\n","protected":false},"excerpt":{"rendered":"<p>&nbsp; &nbsp; &nbsp; &nbsp;<\/p>\n","protected":false},"author":1,"featured_media":0,"parent":0,"menu_order":0,"comment_status":"closed","ping_status":"closed","template":"","meta":[],"_links":{"self":[{"href":"https:\/\/nataliaskrzypek.pl\/index.php\/wp-json\/wp\/v2\/pages\/16"}],"collection":[{"href":"https:\/\/nataliaskrzypek.pl\/index.php\/wp-json\/wp\/v2\/pages"}],"about":[{"href":"https:\/\/nataliaskrzypek.pl\/index.php\/wp-json\/wp\/v2\/types\/page"}],"author":[{"embeddable":true,"href":"https:\/\/nataliaskrzypek.pl\/index.php\/wp-json\/wp\/v2\/users\/1"}],"replies":[{"embeddable":true,"href":"https:\/\/nataliaskrzypek.pl\/index.php\/wp-json\/wp\/v2\/comments?post=16"}],"version-history":[{"count":47,"href":"https:\/\/nataliaskrzypek.pl\/index.php\/wp-json\/wp\/v2\/pages\/16\/revisions"}],"predecessor-version":[{"id":659,"href":"https:\/\/nataliaskrzypek.pl\/index.php\/wp-json\/wp\/v2\/pages\/16\/revisions\/659"}],"wp:attachment":[{"href":"https:\/\/nataliaskrzypek.pl\/index.php\/wp-json\/wp\/v2\/media?parent=16"}],"curies":[{"name":"wp","href":"https:\/\/api.w.org\/{rel}","templated":true}]}}